{"id":1346,"date":"2018-06-29T18:28:04","date_gmt":"2018-06-29T21:28:04","guid":{"rendered":"https:\/\/esba-nqn.infd.edu.ar\/sitio\/gestion-numero-de-empleado\/"},"modified":"2018-09-11T09:54:46","modified_gmt":"2018-09-11T12:54:46","slug":"gestion-numero-de-empleado","status":"publish","type":"page","link":"https:\/\/esba-nqn.infd.edu.ar\/sitio\/gestion-numero-de-empleado\/","title":{"rendered":"Gesti\u00f3n numero de empleado"},"content":{"rendered":"<p>Observaciones<\/p>\n<p>El\/la docente ingresante SIN N\u00daMERO DE EMPLEADO debe armar su legajo presentando la siguiente documentaci\u00f3n<\/p>\n<ul>\n<li>CIRCULAR N\u00b0 19 (LLENAR CUADRO POR EL DOCENTE)<\/li>\n<li>Constancia de CUIL ( http\/\/www.anses.gob.ar)<\/li>\n<li>Declaraci\u00f3n jurada de Datos Personales (formulario en nodo institucional)<\/li>\n<li>Declaraci\u00f3n jurada de\u00a0 Cargos y Actividades por\u00a0 duplicado (formulario en nodo institucional)<\/li>\n<li>Fotocopia legalizada del t\u00edtulo, previamente registrado en la provincia.<\/li>\n<li>Fotocopia autenticada de DNI (1\u00b0 y 2\u00b0 hoja) En caso de no coincidir\u00a0 el domicilio del DNI con el declarado, adjuntar sin excepci\u00f3n,CONSTANCIA POLICIAL de domicilio.<\/li>\n<li>Constancia de \u00faltimo voto emitido (http\/\/infractores.padron.gov.ar)<\/li>\n<li>Acta de adjudicaci\u00f3n de vacantes<\/li>\n<li>Certificado M\u00e9dico de Buena Salud<\/li>\n<li>Certificado de Antecedentes Penales (http\/\/www.dnrec.jus.gov.ar)<\/li>\n<li>Una carpeta colgante<\/li>\n<li>Un cuaderno de actuaci\u00f3n profesional de 50 hojas, tapa dura<\/li>\n<\/ul>\n<p>En caso de tener N\u00b0 de Empleado debe presentar<\/p>\n<ul>\n<li>Declaraci\u00f3n jurada de Datos Personales (formulario en nodo institucional)<\/li>\n<li>Declaraci\u00f3n jurada de\u00a0 Cargos y Actividades por\u00a0 duplicado (formulario en nodo institucional)<\/li>\n<li>Fotocopia de Acta de adjudicaci\u00f3n de vacantes<\/li>\n<li>Fotocopia legalizada del t\u00edtulo, previamente registrado en la provincia<\/li>\n<li>Fotocopia autenticada de DNI (1\u00b0 y 2\u00b0 hoja) En caso de no coincidir\u00a0 el domicilio del DNI con el declarado, adjuntar sin excepci\u00f3n,CONSTANCIA POLICIAL de domicilio.<\/li>\n<li>Una carpeta colgante<\/li>\n<\/ul>\n<p>NO SE TRAMITAR\u00c1 EL <strong>ALTA LABORAL<\/strong> HASTA QUE NO ESTE TODA LA DOCUMENTACI\u00d3N\u00a0 SOLICITADA<\/p>\n<p>EL PLAZO DE PRESENTACI\u00d3N DE LA DOCUMENTACI\u00d3N ESDE 72 HS SEG\u00daN LA NORMATIVA VIGENTE rES. 985\/11 CASO CONTRARIO QUEDAR\u00c1 SIN EFECTO SU ALTA LABORAL.<\/p>\n<p><a class=\"LinkModi\" href=\"https:\/\/esba-nqn.infd.edu.ar\/aula\/archivos\/repositorio\/\/0\/87\/Declaracion_jurada_de_cargos_y_actividades1.pdf\" target=\"_NEW\"><strong>Declaracion_jurada_de_cargos_y_actividades1.pdf<\/strong><\/a><\/p>\n<p><strong><a class=\"LinkModi\" href=\"https:\/\/esba-nqn.infd.edu.ar\/aula\/archivos\/repositorio\/\/0\/88\/Declaracion_jurada_de_datos_personales1.pdf\" target=\"_NEW\"><strong>Declaracion_jurada_de_datos_personales1.pdf<\/strong><\/a><\/strong><\/p>\n","protected":false},"excerpt":{"rendered":"<p>Observaciones El\/la docente ingresante SIN N\u00daMERO DE EMPLEADO debe armar su legajo presentando la siguiente documentaci\u00f3n CIRCULAR N\u00b0 19 (LLENAR CUADRO POR EL DOCENTE) Constancia de CUIL ( http\/\/www.anses.gob.ar) Declaraci\u00f3n jurada de Datos Personales (formulario en nodo institucional) Declaraci\u00f3n jurada de\u00a0 Cargos y Actividades por\u00a0 duplicado (formulario en nodo institucional) Fotocopia legalizada del t\u00edtulo, previamente &#8230; <a title=\"Gesti\u00f3n numero de empleado\" class=\"read-more\" href=\"https:\/\/esba-nqn.infd.edu.ar\/sitio\/gestion-numero-de-empleado\/\" aria-label=\"More on Gesti\u00f3n numero de empleado\">[+]<\/a><\/p>\n","protected":false},"author":778,"featured_media":0,"parent":0,"menu_order":0,"comment_status":"closed","ping_status":"closed","template":"","meta":[],"acf":[],"_links":{"self":[{"href":"https:\/\/esba-nqn.infd.edu.ar\/sitio\/wp-json\/wp\/v2\/pages\/1346"}],"collection":[{"href":"https:\/\/esba-nqn.infd.edu.ar\/sitio\/wp-json\/wp\/v2\/pages"}],"about":[{"href":"https:\/\/esba-nqn.infd.edu.ar\/sitio\/wp-json\/wp\/v2\/types\/page"}],"author":[{"embeddable":true,"href":"https:\/\/esba-nqn.infd.edu.ar\/sitio\/wp-json\/wp\/v2\/users\/778"}],"replies":[{"embeddable":true,"href":"https:\/\/esba-nqn.infd.edu.ar\/sitio\/wp-json\/wp\/v2\/comments?post=1346"}],"version-history":[{"count":3,"href":"https:\/\/esba-nqn.infd.edu.ar\/sitio\/wp-json\/wp\/v2\/pages\/1346\/revisions"}],"predecessor-version":[{"id":2031,"href":"https:\/\/esba-nqn.infd.edu.ar\/sitio\/wp-json\/wp\/v2\/pages\/1346\/revisions\/2031"}],"wp:attachment":[{"href":"https:\/\/esba-nqn.infd.edu.ar\/sitio\/wp-json\/wp\/v2\/media?parent=1346"}],"curies":[{"name":"wp","href":"https:\/\/api.w.org\/{rel}","templated":true}]}}