{"id":1348,"date":"2018-06-29T18:28:05","date_gmt":"2018-06-29T21:28:05","guid":{"rendered":"https:\/\/esba-nqn.infd.edu.ar\/sitio\/equipo-tic\/"},"modified":"2020-03-18T20:09:02","modified_gmt":"2020-03-18T23:09:02","slug":"equipo-tic","status":"publish","type":"page","link":"https:\/\/esba-nqn.infd.edu.ar\/sitio\/equipo-tic\/","title":{"rendered":"Gabinete de Tecnolog\u00edas Digitales"},"content":{"rendered":"<h3><span style=\"color: #800080;\">Informaci\u00f3n para docentes:<\/span><\/h3>\n<p style=\"padding-left: 30px;\">El\u00a0<span class=\"il\">Gabinete<\/span>\u00a0de Tecnolog\u00edas Digitales se encuentra a disposici\u00f3n de les docentes que quieran acercarse a trabajar con nuevas tecnolog\u00edas en el \u00e1mbito de la ESBA<\/p>\n<p>&nbsp;<\/p>\n<h3><span style=\"color: #800080;\">Netbooks del programa Conectar Igualdad &#8211; Desbloqueo:<\/span><\/h3>\n<p style=\"padding-left: 30px;\">Instructivo y app para desbloquear la net 2020. Por favor, leer el instructivo antes de usar la app.<\/p>\n<p style=\"padding-left: 30px;\">Instructivo:\u00a0<a href=\"https:\/\/esba-nqn.infd.edu.ar\/sitio\/wp-content\/uploads\/2020\/03\/instructivonets2020.pdf\">instructivonets2020<\/a><\/p>\n<p style=\"padding-left: 30px;\"><a href=\"https:\/\/drive.google.com\/drive\/folders\/1tpeodzP7Uz3RbSBYf19UT2GT_OvQmnFf\">https:\/\/drive.google.com\/drive\/folders\/1tpeodzP7Uz3RbSBYf19UT2GT_OvQmnFf<\/a><\/p>\n<p style=\"padding-left: 30px;\">(((((( MUY IMPORTANTE: La app s\u00f3lo funciona si est\u00e1s conectade a los AP de la ESBA )))))<\/p>\n<p style=\"padding-left: 30px;\">En caso de que no puedas desbloquearla comunicate con el\u00a0<span class=\"il\">Gabinete<\/span>\u00a0al correo<strong><span style=\"font-size: 10pt; font-family: arial,helvetica,sans-serif; color: #000000; background-color: transparent; font-style: normal; font-variant: normal; text-decoration: none; vertical-align: baseline;\">\u00a0<\/span><\/strong><span style=\"font-size: 10pt; font-family: arial,helvetica,sans-serif; color: #000000; background-color: transparent; font-weight: normal; font-style: normal; font-variant: normal; text-decoration: none; vertical-align: baseline;\"><strong id=\"docs-internal-guid-2422ad7b-a7c3-f8e4-743d-448da306b101\">serviciotecnicoesba@gmail.com<\/strong><\/span><\/p>\n<p style=\"padding-left: 30px;\"><strong><span style=\"font-size: 10pt; font-family: arial,helvetica,sans-serif;\">Referente: Enzo Vaccaro<\/span><\/strong><\/p>\n<div class=\"O0\" style=\"padding-left: 90px;\"><span style=\"font-size: 10pt; font-family: arial,helvetica,sans-serif; color: #000000; background-color: transparent; font-weight: normal; font-style: normal; font-variant: normal; text-decoration: none; vertical-align: baseline;\"><strong><img decoding=\"async\" loading=\"lazy\" style=\"display: block; margin-left: auto; margin-right: auto;\" src=\"https:\/\/encrypted-tbn2.gstatic.com\/images?q=tbn:ANd9GcTVja_3mYfHwp3EkOkaTBYNUGHYwQuU5FyPwRvrGie9dNKejHhO\" width=\"205\" height=\"136\" border=\"0\" \/><\/strong><\/span><\/div>\n<ul>\n<li style=\"list-style-type: none;\">\n<ul>\n<li style=\"list-style-type: none;\"><\/li>\n<\/ul>\n<\/li>\n<\/ul>\n<div class=\"O0\">\n<div class=\"O0\">\n<div class=\"O0\" style=\"padding-left: 60px;\"><\/div>\n<\/div>\n<\/div>\n<p>&nbsp;<\/p>\n","protected":false},"excerpt":{"rendered":"<p>Informaci\u00f3n para docentes: El\u00a0Gabinete\u00a0de Tecnolog\u00edas Digitales se encuentra a disposici\u00f3n de les docentes que quieran acercarse a trabajar con nuevas tecnolog\u00edas en el \u00e1mbito de la ESBA &nbsp; Netbooks del programa Conectar Igualdad &#8211; Desbloqueo: Instructivo y app para desbloquear la net 2020. Por favor, leer el instructivo antes de usar la app. Instructivo:\u00a0instructivonets2020 https:\/\/drive.google.com\/drive\/folders\/1tpeodzP7Uz3RbSBYf19UT2GT_OvQmnFf &#8230; <a title=\"Gabinete de Tecnolog\u00edas Digitales\" class=\"read-more\" href=\"https:\/\/esba-nqn.infd.edu.ar\/sitio\/equipo-tic\/\" aria-label=\"More on Gabinete de Tecnolog\u00edas Digitales\">[+]<\/a><\/p>\n","protected":false},"author":778,"featured_media":0,"parent":0,"menu_order":0,"comment_status":"closed","ping_status":"closed","template":"","meta":[],"acf":[],"_links":{"self":[{"href":"https:\/\/esba-nqn.infd.edu.ar\/sitio\/wp-json\/wp\/v2\/pages\/1348"}],"collection":[{"href":"https:\/\/esba-nqn.infd.edu.ar\/sitio\/wp-json\/wp\/v2\/pages"}],"about":[{"href":"https:\/\/esba-nqn.infd.edu.ar\/sitio\/wp-json\/wp\/v2\/types\/page"}],"author":[{"embeddable":true,"href":"https:\/\/esba-nqn.infd.edu.ar\/sitio\/wp-json\/wp\/v2\/users\/778"}],"replies":[{"embeddable":true,"href":"https:\/\/esba-nqn.infd.edu.ar\/sitio\/wp-json\/wp\/v2\/comments?post=1348"}],"version-history":[{"count":7,"href":"https:\/\/esba-nqn.infd.edu.ar\/sitio\/wp-json\/wp\/v2\/pages\/1348\/revisions"}],"predecessor-version":[{"id":2650,"href":"https:\/\/esba-nqn.infd.edu.ar\/sitio\/wp-json\/wp\/v2\/pages\/1348\/revisions\/2650"}],"wp:attachment":[{"href":"https:\/\/esba-nqn.infd.edu.ar\/sitio\/wp-json\/wp\/v2\/media?parent=1348"}],"curies":[{"name":"wp","href":"https:\/\/api.w.org\/{rel}","templated":true}]}}