{"id":1365,"date":"2018-06-29T18:28:12","date_gmt":"2018-06-29T21:28:12","guid":{"rendered":"https:\/\/esba-nqn.infd.edu.ar\/sitio\/diseno-curricular-plan-598\/"},"modified":"2024-11-21T17:13:50","modified_gmt":"2024-11-21T20:13:50","slug":"diseno-curricular-plan-598","status":"publish","type":"page","link":"https:\/\/esba-nqn.infd.edu.ar\/sitio\/diseno-curricular-plan-598\/","title":{"rendered":""},"content":{"rendered":"\n<p class=\"has-medium-font-size\"><strong><mark style=\"background-color:var(--accent)\" class=\"has-inline-color has-base-2-color\">TECNICATURA SUPERIOR EN ARTES VISUALES &#8211; PLAN 769<\/mark><\/strong><\/p>\n\n\n\n<p><a rel=\"noreferrer noopener\" href=\"https:\/\/drive.google.com\/file\/d\/1cnKWnLD72Jc44s91Dyjs_6Stx73wmUaL\/view?usp=drive_link\" target=\"_blank\">Ver plan de estudios n\u00b0 769 <\/a><\/p>\n\n\n\n<p>Denominaci\u00f3n de la Carrera: Tecnicatura Superior en Artes Visuales<br>Nivel: Superior<br>Modalidad: T\u00e9cnica<br>Ciclo: Superior<br>Familia Profesional: Art\u00edstica<br>Especialidad: T\u00e9cnica<br>Duraci\u00f3n: Tres (3) A\u00f1os<br>Carga Horaria: Horas C\u00e1tedras: 2640 Horas Reloj: 1760<br>Cursado: Presencial<br>T\u00edtulo a otorgar: T\u00e9cnico\/a Superior en Artes Visuales<br>Condici\u00f3n de Ingreso: Estudios secundarios completos<\/p>\n\n\n\n<p>&#8212;&#8212;&#8212;&#8212;&#8212;&#8212;&#8212;&#8212;&#8212;&#8212;&#8212;&#8212;&#8212;&#8212;&#8212;&#8212;&#8212;&#8212;&#8212;&#8212;&#8212;&#8212;&#8212;<\/p>\n\n\n<h4 style=\"text-align: left;\"><span style=\"color: #f70777;\"><strong>TECNICATURA SUPERIOR EN ARTES VISUALES Plan N\u00ba 598(no se reciben mas matriculaciones a este plan)<\/strong><\/span><\/h4>\n<h4 style=\"text-align: left;\"><span style=\"color: #000000;\"><strong>Descargar Plan de Estudio Plan N\u00ba 598:\u00a0<a href=\"https:\/\/drive.google.com\/file\/d\/1lQmuCIf0Z9jFVb4nVfS1rs2jrK5u1u9m\/view?usp=sharing\">Res. 1630\/15<\/a><\/strong><\/span><\/h4>\n<p><strong>Descargar R\u00e9gimen de Correlatividades del\u00a0 Plan N\u00ba 598:\u00a0<\/strong><\/p>\n<h4><span style=\"color: #f70777;\">Horarios\u00a0del T\u00e9cnico Superior de Artes Visuales (TSAV):<\/span><\/h4>\n<div style=\"padding-left: 30px;\"><span style=\"color: #f50796;\"><strong>1\u00b0, 2\u00ba y 3\u00ba A\u00f1o:\u00a0<\/strong><\/span><\/div>\n<div style=\"padding-left: 30px;\"><a href=\"https:\/\/docs.google.com\/document\/d\/1ch-NA5NGOH-HlxdtHXDE2uBjfsscv44PEnrtCC6nAf0\/edit\">https:\/\/docs.google.com\/document\/d\/1ch-NA5NGOH-HlxdtHXDE2uBjfsscv44PEnrtCC6nAf0\/edit<\/a><\/div>\n<p style=\"padding-left: 30px;\"><strong>Horario de Lengua Extranjera\u00a0<\/strong><strong><span style=\"color: #f50796;\">TSAV:\u00a0<\/span><\/strong><span style=\"color: #000000;\"><a href=\"https:\/\/docs.google.com\/document\/d\/1ID1IB04cazDdyeNrmgwhFVxdV1TPFXYE\/edit\">https:\/\/docs.google.com\/document\/d\/1ID1IB04cazDdyeNrmgwhFVxdV1TPFXYE\/edit<\/a><\/span><\/p>\n<p><strong>Nivel: <\/strong>Superior<\/p>\n<p><strong>Modalidad: <\/strong>T\u00e9cnica<\/p>\n<p><strong>Ciclo: <\/strong>Superior<\/p>\n<p><strong>Especialidad: <\/strong>T\u00e9cnica<\/p>\n<p><strong>Duraci\u00f3n: <\/strong>Tres (3) a\u00f1os<\/p>\n<p><strong>Cursado: <\/strong>Presencial<\/p>\n<p><strong>T\u00edtulo a otorgar: <\/strong>\u00abT\u00e9cnico Superior en Artes Visuales\u201d<\/p>\n<p><strong>Condiciones de Ingreso: <\/strong>Estudios secundarios completos.<\/p>\n<p><strong><span style=\"text-decoration: underline;\">Perfil Profesional:<\/span><\/strong><\/p>\n<p><strong>Competencias<\/strong><\/p>\n<p>El T\u00e9cnico Superior en Artes Visuales estar\u00e1 capacitado para:<\/p>\n<ul>\n<li>Investigar, planificar, organizar y ejecutar programas y proyectos de investigaci\u00f3n\u00a0 y proyecci\u00f3n social en artes pl\u00e1sticas.<\/li>\n<li>Intervenir en la producci\u00f3n de bienes culturales.<\/li>\n<li>Colaborar en la conservaci\u00f3n del patrimonio art\u00edstico, arqueol\u00f3gico, monumental e hist\u00f3rico.<\/li>\n<li>Incidir en la producci\u00f3n de la imagen comprometida con las necesidades culturales y sociales contempor\u00e1neas.<\/li>\n<\/ul>\n<p><span style=\"color: #eb058f;\"><strong>Planificaciones del Tecnicatura Superior en Artes Visuales (598):\u00a0<\/strong><\/span><\/p>\n<p><a href=\"https:\/\/drive.google.com\/drive\/folders\/1cNcDe-7yYVQBhsr9El_pLzQTmGpPic0Y?usp=sharing\">https:\/\/drive.google.com\/drive\/folders\/1cNcDe-7yYVQBhsr9El_pLzQTmGpPic0Y?usp=sharing<\/a><\/p>\n<p><strong><span style=\"color: #fa059c;\">Programa de Regulares de la Tecnicatura Superior en Artes Visuales:<\/span><\/strong><\/p>\n<p><a href=\"https:\/\/drive.google.com\/drive\/folders\/1E-dWwxn2gLuDuVYZydtzB7odxhtKZ3ij?usp=sharing\">https:\/\/drive.google.com\/drive\/folders\/1E-dWwxn2gLuDuVYZydtzB7odxhtKZ3ij?usp=sharing<\/a><\/p>\n<p style=\"text-align: center;\"><strong>Tecnicatura Superior en Artes Visuales<\/strong><\/p>\n<p style=\"text-align: center;\"><strong>Plan de Estudio N\u00b0 598<\/strong><\/p>\n<p style=\"text-align: center;\"><strong>\u00a0<\/strong><\/p>\n<table style=\"width: 450px; height: 2556px; background-color: #ffffcc;\" border=\"1\" cellspacing=\"0\" cellpadding=\"0\" align=\"center\">\n<tbody>\n<tr align=\"center\" valign=\"middle\">\n<td style=\"background-color: #66ffcc;\"><strong>Primer a\u00f1o<\/strong><\/td>\n<td style=\"background-color: #66ffcc;\"><strong>\u00a0Anual<\/strong><\/td>\n<td style=\"background-color: #66ffcc;\"><strong>1\u00b0cuat.<\/strong><\/td>\n<td style=\"background-color: #66ffcc;\"><strong>2<sup>o<\/sup>\u00a0cuat.<\/strong><\/td>\n<td style=\"background-color: #66ffcc; text-align: center;\"><strong>Horas semanales<\/strong><\/td>\n<\/tr>\n<tr align=\"center\" valign=\"middle\">\n<td style=\"background-color: #ffff99;\">Introducci\u00f3n a la Historia del Arte<\/td>\n<td style=\"background-color: #ffff99;\">\u2022<\/td>\n<td style=\"background-color: #ffff99;\">\u00a0<\/td>\n<td style=\"background-color: #ffff99;\">\u00a0<\/td>\n<td style=\"background-color: #ffff99;\">2<\/td>\n<\/tr>\n<tr align=\"center\" valign=\"middle\">\n<td style=\"background-color: #ffff99;\">\n<p style=\"text-align: left;\"><a href=\"https:\/\/esba-nqn.infd.edu.ar\/sitio\/wp-content\/uploads\/2018\/11\/programa-SEMIOLOGIA-2018.docx\" target=\"_blank\" rel=\"noopener\">Introducci\u00f3n a la\u00a0Semiolog\u00eda<\/a><\/p>\n<\/td>\n<td style=\"background-color: #ffff99;\">\u00a0<\/td>\n<td style=\"background-color: #ffff99;\">\u00a0<\/td>\n<td style=\"background-color: #ffff99;\">\u2022<\/td>\n<td style=\"background-color: #ffff99;\">3<\/td>\n<\/tr>\n<tr align=\"center\" valign=\"middle\">\n<td style=\"background-color: #ffff99;\">\n<p style=\"text-align: left;\">Psicolog\u00eda General<\/p>\n<\/td>\n<td style=\"background-color: #ffff99;\">\u00a0<\/td>\n<td style=\"background-color: #ffff99;\">\u2022<\/td>\n<td style=\"background-color: #ffff99;\">\u00a0<\/td>\n<td style=\"background-color: #ffff99;\">2<\/td>\n<\/tr>\n<tr align=\"center\" valign=\"middle\">\n<td style=\"background-color: #ffff99;\">\n<p style=\"text-align: left;\">Introducci\u00f3n a la Realidad Educativa<\/p>\n<\/td>\n<td style=\"background-color: #ffff99;\">\u2022<\/td>\n<td style=\"background-color: #ffff99;\">\u00a0<\/td>\n<td style=\"background-color: #ffff99;\">\u00a0<\/td>\n<td style=\"background-color: #ffff99;\">2<\/td>\n<\/tr>\n<tr align=\"center\" valign=\"middle\">\n<td style=\"background-color: #ffff99;\">\n<p style=\"text-align: left;\">Taller de Experimentaci\u00f3n Visual I<\/p>\n<\/td>\n<td style=\"background-color: #ffff99;\">\u00a0\u2022<\/td>\n<td style=\"background-color: #ffff99;\">\u00a0<\/td>\n<td style=\"background-color: #ffff99;\">\u00a0<\/td>\n<td style=\"background-color: #ffff99;\">9<\/td>\n<\/tr>\n<tr align=\"center\" valign=\"middle\">\n<td style=\"background-color: #ffff99;\">\n<p style=\"text-align: left;\">Dibujo I<\/p>\n<\/td>\n<td style=\"background-color: #ffff99;\">\u00a0\u2022<\/td>\n<td style=\"background-color: #ffff99;\">\u00a0<\/td>\n<td style=\"background-color: #ffff99;\">\u00a0<\/td>\n<td style=\"background-color: #ffff99;\">4<\/td>\n<\/tr>\n<tr align=\"center\" valign=\"middle\">\n<td style=\"background-color: #ffff99;\">\n<p style=\"text-align: left;\">Idioma I (Ingl\u00e9s o Franc\u00e9s)<\/p>\n<\/td>\n<td style=\"background-color: #ffff99;\">\u00a0 \u2022<\/td>\n<td style=\"background-color: #ffff99;\">\u00a0<\/td>\n<td style=\"background-color: #ffff99;\">\u00a0<\/td>\n<td style=\"background-color: #ffff99;\">2<\/td>\n<\/tr>\n<tr align=\"center\" valign=\"middle\">\n<td style=\"background-color: #ffff99;\">\n<p style=\"text-align: left;\">Pr\u00e1ctica Profesionalizante I<\/p>\n<\/td>\n<td style=\"background-color: #ffff99;\">\u2022<\/td>\n<td style=\"background-color: #ffff99;\">\u00a0<\/td>\n<td style=\"background-color: #ffff99;\">\u00a0<\/td>\n<td style=\"background-color: #ffff99;\">3<\/td>\n<\/tr>\n<tr align=\"center\" valign=\"middle\">\n<td style=\"background-color: #66ffcc;\"><strong>Segundo a\u00f1o<\/strong><\/td>\n<td style=\"background-color: #66ffcc;\"><strong>Anual<\/strong><\/td>\n<td style=\"background-color: #66ffcc;\"><strong>1\u00b0\u00a0<sup>\u00a0<\/sup>cuat.<\/strong><\/td>\n<td style=\"background-color: #66ffcc;\"><strong>2<sup>o<\/sup>\u00a0cuat.<\/strong><\/td>\n<td style=\"background-color: #66ffcc;\">\u00a0<\/td>\n<\/tr>\n<tr align=\"center\" valign=\"middle\">\n<td style=\"background-color: #ffff99;\">\n<p style=\"text-align: left;\">Historia del Arte I<\/p>\n<\/td>\n<td style=\"background-color: #ffff99;\">\u2022<\/td>\n<td style=\"background-color: #ffff99;\">\u00a0<\/td>\n<td style=\"background-color: #ffff99;\">\u00a0<\/td>\n<td style=\"background-color: #ffff99;\">3<\/td>\n<\/tr>\n<tr align=\"center\" valign=\"middle\">\n<td style=\"background-color: #ffff99;\">Pintura I<\/td>\n<td style=\"background-color: #ffff99;\">\u2022<\/td>\n<td style=\"background-color: #ffff99;\">\u00a0<\/td>\n<td style=\"background-color: #ffff99;\">\u00a0<\/td>\n<td style=\"background-color: #ffff99;\">4<\/td>\n<\/tr>\n<tr align=\"center\" valign=\"middle\">\n<td style=\"background-color: #ffff99;\">Escultura I<\/td>\n<td style=\"background-color: #ffff99;\">\u2022<\/td>\n<td style=\"background-color: #ffff99;\">\u00a0<\/td>\n<td style=\"background-color: #ffff99;\">\u00a0<\/td>\n<td style=\"background-color: #ffff99;\">4<\/td>\n<\/tr>\n<tr align=\"center\" valign=\"middle\">\n<td style=\"background-color: #ffff99;\">Grabado I<\/td>\n<td style=\"background-color: #ffff99;\">\u2022<\/td>\n<td style=\"background-color: #ffff99;\">\u00a0<\/td>\n<td style=\"background-color: #ffff99;\">\u00a0<\/td>\n<td style=\"background-color: #ffff99;\">4<\/td>\n<\/tr>\n<tr align=\"center\" valign=\"middle\">\n<td style=\"background-color: #ffff99;\">\n<p style=\"text-align: left;\">Dibujo II<\/p>\n<\/td>\n<td style=\"background-color: #ffff99;\">\u2022<\/td>\n<td style=\"background-color: #ffff99;\">\u00a0<\/td>\n<td style=\"background-color: #ffff99;\">\u00a0<\/td>\n<td style=\"background-color: #ffff99;\">4<\/td>\n<\/tr>\n<tr align=\"center\" valign=\"middle\">\n<td style=\"background-color: #ffff99;\">\n<p style=\"text-align: left;\">Taller de Experimentaci\u00f3n Visual II<\/p>\n<\/td>\n<td style=\"background-color: #ffff99;\">\u2022<\/td>\n<td style=\"background-color: #ffff99;\">\u00a0<\/td>\n<td style=\"background-color: #ffff99;\">\u00a0<\/td>\n<td style=\"background-color: #ffff99;\">3<\/td>\n<\/tr>\n<tr align=\"center\" valign=\"middle\">\n<td style=\"background-color: #ffff99;\">\n<p style=\"text-align: left;\">Idioma II<\/p>\n<\/td>\n<td style=\"background-color: #ffff99;\">\u2022<\/td>\n<td style=\"background-color: #ffff99;\">\u00a0<\/td>\n<td style=\"background-color: #ffff99;\">\u00a0<\/td>\n<td style=\"background-color: #ffff99;\">4<\/td>\n<\/tr>\n<tr align=\"center\" valign=\"middle\">\n<td style=\"background-color: #ffff99;\">\n<p style=\"text-align: left;\">Pr\u00e1ctica profesionalizante II<\/p>\n<\/td>\n<td style=\"background-color: #ffff99;\">\u2022<\/td>\n<td style=\"background-color: #ffff99;\">\u00a0<\/td>\n<td style=\"background-color: #ffff99;\">\u00a0<\/td>\n<td style=\"background-color: #ffff99;\">8<\/td>\n<\/tr>\n<tr align=\"center\" valign=\"middle\">\n<td style=\"background-color: #66ffcc;\">\u00a0<strong>Tercer A\u00f1o<\/strong><\/td>\n<td style=\"background-color: #66ffcc;\"><strong>Anual<\/strong><\/td>\n<td style=\"background-color: #66ffcc;\"><strong>1<sup>\u00b0<\/sup>cuat.<\/strong><\/td>\n<td style=\"background-color: #66ffcc;\"><strong>2<sup>\u00b0<\/sup>cuat.<\/strong><\/td>\n<td style=\"background-color: #66ffcc;\">\u00a0<\/td>\n<\/tr>\n<tr align=\"center\" valign=\"middle\">\n<td style=\"background-color: #ffff99;\">\n<p style=\"text-align: left;\">Historia del Arte II<\/p>\n<\/td>\n<td style=\"background-color: #ffff99;\">\u2022<\/td>\n<td style=\"background-color: #ffff99;\">\u00a0<\/td>\n<td style=\"background-color: #ffff99;\">\u00a0<\/td>\n<td style=\"background-color: #ffff99;\">3<\/td>\n<\/tr>\n<tr align=\"center\" valign=\"middle\">\n<td style=\"background-color: #ffff99;\">\n<p style=\"text-align: left;\">Pintura II<\/p>\n<\/td>\n<td style=\"background-color: #ffff99;\">\u2022<\/td>\n<td style=\"background-color: #ffff99;\">\u00a0<\/td>\n<td style=\"background-color: #ffff99;\">\u00a0<\/td>\n<td style=\"background-color: #ffff99;\">4<\/td>\n<\/tr>\n<tr align=\"center\" valign=\"middle\">\n<td style=\"background-color: #ffff99;\">\n<p style=\"text-align: left;\">Grabado II<\/p>\n<\/td>\n<td style=\"background-color: #ffff99;\">\u2022<\/td>\n<td style=\"background-color: #ffff99;\">\u00a0<\/td>\n<td style=\"background-color: #ffff99;\">\u00a0<\/td>\n<td style=\"background-color: #ffff99;\">4<\/td>\n<\/tr>\n<tr align=\"center\" valign=\"middle\">\n<td style=\"background-color: #ffff99;\">\n<p style=\"text-align: left;\">Dibujo III<\/p>\n<\/td>\n<td style=\"background-color: #ffff99;\">\u2022<\/td>\n<td style=\"background-color: #ffff99;\">\u00a0<\/td>\n<td style=\"background-color: #ffff99;\">\u00a0<\/td>\n<td style=\"background-color: #ffff99;\">4<\/td>\n<\/tr>\n<tr align=\"center\" valign=\"middle\">\n<td style=\"background-color: #ffff99;\">\n<p style=\"text-align: left;\">Escultura II<\/p>\n<\/td>\n<td style=\"background-color: #ffff99;\">\u2022<\/td>\n<td style=\"background-color: #ffff99;\">\u00a0<\/td>\n<td style=\"background-color: #ffff99;\">\u00a0<\/td>\n<td style=\"background-color: #ffff99;\">4<\/td>\n<\/tr>\n<tr align=\"center\" valign=\"middle\">\n<td style=\"background-color: #ffff99;\">\n<p style=\"text-align: left;\">Taller de Experimentaci\u00f3n Visual III<\/p>\n<\/td>\n<td style=\"background-color: #ffff99;\">\u2022<\/td>\n<td style=\"background-color: #ffff99;\">\u00a0<\/td>\n<td style=\"background-color: #ffff99;\">\u00a0<\/td>\n<td style=\"background-color: #ffff99;\">3<\/td>\n<\/tr>\n<tr align=\"center\" valign=\"middle\">\n<td style=\"background-color: #ffff99;\">Sociolog\u00eda del Arte<\/td>\n<td style=\"background-color: #ffff99;\">\u00a0<\/td>\n<td style=\"background-color: #ffff99;\">\u00a0<\/td>\n<td style=\"background-color: #ffff99;\">\u2022<\/td>\n<td style=\"background-color: #ffff99;\">2<\/td>\n<\/tr>\n<tr align=\"center\" valign=\"middle\">\n<td style=\"background-color: #ffff99;\">Pr\u00e1cticas profesionalizantes III<\/td>\n<td style=\"background-color: #ffff99;\">\u2022<\/td>\n<td style=\"background-color: #ffff99;\">\u00a0<\/td>\n<td style=\"background-color: #ffff99;\">\u00a0<\/td>\n<td style=\"background-color: #ffff99;\">8<\/td>\n<\/tr>\n<\/tbody>\n<\/table>\n<p style=\"text-align: center;\"><strong>REGIMEN DE CORRELATIVIDADES<\/strong><\/p>\n<p style=\"text-align: center;\"><strong>Plan 598 T\u00e9cnico Superior en Artes Visuales Res. 1631\/15<\/strong><\/p>\n<table border=\"1\" cellspacing=\"0\" cellpadding=\"0\">\n<tbody>\n<tr>\n<td style=\"text-align: center;\" colspan=\"2\" valign=\"top\" width=\"350\"><strong>CORRELATIVIDADES<\/strong><\/td>\n<td style=\"text-align: center;\" valign=\"top\" width=\"132\"><strong>PARA CURSAR<\/strong><\/td>\n<td style=\"text-align: center;\" valign=\"top\" width=\"157\"><strong>PARA RENDIR<\/strong><\/td>\n<\/tr>\n<tr>\n<td valign=\"top\" width=\"85\"><strong>CODIGO\u00a0 MATERIA<\/strong><\/td>\n<td valign=\"top\" width=\"265\"><strong>MATERIA<\/strong><\/td>\n<td valign=\"top\" width=\"132\"><strong>CURSADO<\/strong><\/td>\n<td valign=\"top\" width=\"157\"><strong>APROBADO<\/strong><\/td>\n<\/tr>\n<tr>\n<td style=\"background-color: #e9fd01; width: 639px;\" colspan=\"4\" valign=\"top\">\n<p style=\"text-align: center;\"><strong>PRIMER A\u00d1O<\/strong><\/p>\n<\/td>\n<\/tr>\n<tr>\n<td valign=\"top\" width=\"85\"><strong>598-01-01<\/strong><\/td>\n<td valign=\"top\" width=\"265\">Psicolog\u00eda General<\/td>\n<td valign=\"top\" width=\"132\"><strong>&#8211;<\/strong><\/td>\n<td valign=\"top\" width=\"157\"><strong>&#8211;<\/strong><\/td>\n<\/tr>\n<tr>\n<td valign=\"top\" width=\"85\"><strong>598-01-02<\/strong><\/td>\n<td valign=\"top\" width=\"265\">Introducci\u00f3n a la Semiolog\u00eda<\/td>\n<td valign=\"top\" width=\"132\"><strong>&#8211;<\/strong><\/td>\n<td valign=\"top\" width=\"157\"><strong>&#8211;<\/strong><\/td>\n<\/tr>\n<tr>\n<td valign=\"top\" width=\"85\"><strong>598-01-03<\/strong><\/td>\n<td valign=\"top\" width=\"265\">Introducci\u00f3n a la Historia del Arte<\/td>\n<td valign=\"top\" width=\"132\"><strong>&#8211;<\/strong><\/td>\n<td valign=\"top\" width=\"157\"><strong>&#8211;<\/strong><\/td>\n<\/tr>\n<tr>\n<td valign=\"top\" width=\"85\"><strong>598-01-04<\/strong><\/td>\n<td valign=\"top\" width=\"265\">Idioma I (Ingles I o Franc\u00e9s I)<\/td>\n<td valign=\"top\" width=\"132\"><strong>&#8211;<\/strong><\/td>\n<td valign=\"top\" width=\"157\"><strong>&#8211;<\/strong><\/td>\n<\/tr>\n<tr>\n<td valign=\"top\" width=\"85\"><strong>598-01-05<\/strong><\/td>\n<td valign=\"top\" width=\"265\">Introducci\u00f3n a la Realidad Educativa<\/td>\n<td valign=\"top\" width=\"132\"><strong>&#8211;<\/strong><\/td>\n<td valign=\"top\" width=\"157\"><strong>&#8211;<\/strong><\/td>\n<\/tr>\n<tr>\n<td valign=\"top\" width=\"85\"><strong>598-01-06<\/strong><\/td>\n<td valign=\"top\" width=\"265\">Taller de Experimentaci\u00f3n Visual I<\/td>\n<td valign=\"top\" width=\"132\"><strong>&#8211;<\/strong><\/td>\n<td valign=\"top\" width=\"157\"><strong>&#8211;<\/strong><\/td>\n<\/tr>\n<tr>\n<td valign=\"top\" width=\"85\"><strong>598-01-07<\/strong><\/td>\n<td valign=\"top\" width=\"265\">Dibujo I<\/td>\n<td valign=\"top\" width=\"132\"><strong>&#8211;<\/strong><\/td>\n<td valign=\"top\" width=\"157\"><strong>&#8211;<\/strong><\/td>\n<\/tr>\n<tr>\n<td valign=\"top\" width=\"85\"><strong>598-01-08<\/strong><\/td>\n<td valign=\"top\" width=\"265\">Pr\u00e1ctica Profesionalizante I<\/td>\n<td valign=\"top\" width=\"132\"><strong>&#8211;<\/strong><\/td>\n<td valign=\"top\" width=\"157\"><strong>&#8211;<\/strong><\/td>\n<\/tr>\n<tr>\n<td style=\"background-color: #04faab; width: 639px;\" colspan=\"4\" valign=\"top\">\n<p style=\"text-align: center;\"><strong>SEGUNDO A\u00d1O<\/strong><\/p>\n<\/td>\n<\/tr>\n<tr>\n<td valign=\"top\" width=\"85\"><strong>598-02-01<\/strong><\/td>\n<td valign=\"top\" width=\"265\">Historia del Arte I<\/td>\n<td valign=\"top\" width=\"132\">598-01-03<\/td>\n<td valign=\"top\" width=\"157\">598-01-03<\/td>\n<\/tr>\n<tr>\n<td valign=\"top\" width=\"85\"><strong>598-02-02<\/strong><\/td>\n<td valign=\"top\" width=\"265\">Taller de Experimentaci\u00f3n Visual II<\/td>\n<td valign=\"top\" width=\"132\">598-01-06<\/td>\n<td valign=\"top\" width=\"157\">598-01-06<\/td>\n<\/tr>\n<tr>\n<td valign=\"top\" width=\"85\"><strong>598-02-03<\/strong><\/td>\n<td valign=\"top\" width=\"265\">Pintura I<\/td>\n<td valign=\"top\" width=\"132\">598-01-06<\/td>\n<td valign=\"top\" width=\"157\">598-01-06<\/td>\n<\/tr>\n<tr>\n<td valign=\"top\" width=\"85\"><strong>598-02-04<\/strong><\/td>\n<td valign=\"top\" width=\"265\">Grabado I<\/td>\n<td valign=\"top\" width=\"132\">598-01-06<\/td>\n<td valign=\"top\" width=\"157\">598-01-06<\/td>\n<\/tr>\n<tr>\n<td valign=\"top\" width=\"85\"><strong>598-02-05<\/strong><\/td>\n<td valign=\"top\" width=\"265\">Escultura I<\/td>\n<td valign=\"top\" width=\"132\">598-01-06<\/td>\n<td valign=\"top\" width=\"157\">598-01-06<\/td>\n<\/tr>\n<tr>\n<td valign=\"top\" width=\"85\"><strong>598-02-06<\/strong><\/td>\n<td valign=\"top\" width=\"265\">Dibujo II<\/td>\n<td valign=\"top\" width=\"132\">598-01-07<\/td>\n<td valign=\"top\" width=\"157\">598-01-07<\/td>\n<\/tr>\n<tr>\n<td valign=\"top\" width=\"85\"><strong>598-02-07<\/strong><\/td>\n<td valign=\"top\" width=\"265\">Idioma II (Ingles II o Franc\u00e9s II)<\/td>\n<td valign=\"top\" width=\"132\">598-01-04<\/td>\n<td valign=\"top\" width=\"157\">598-01-04<\/td>\n<\/tr>\n<tr>\n<td valign=\"top\" width=\"85\"><strong>598-02-08<\/strong><\/td>\n<td valign=\"top\" width=\"265\">Pr\u00e1ctica Profesionalizante II<\/td>\n<td valign=\"top\" width=\"132\">598-01-08<\/td>\n<td valign=\"top\" width=\"157\">598-01-08<\/td>\n<\/tr>\n<tr>\n<td style=\"background-color: #359ac9; width: 639px;\" colspan=\"4\" valign=\"top\">\n<p style=\"text-align: center;\"><strong>TERCER A\u00d1O<\/strong><\/p>\n<\/td>\n<\/tr>\n<tr>\n<td valign=\"top\" width=\"85\"><strong>598-03-01<\/strong><\/td>\n<td valign=\"top\" width=\"265\">Sociolog\u00eda del Arte<\/td>\n<td valign=\"top\" width=\"132\">\u00a0<\/td>\n<td valign=\"top\" width=\"157\">\u00a0<\/td>\n<\/tr>\n<tr>\n<td valign=\"top\" width=\"85\"><strong>598-03-02<\/strong><\/td>\n<td valign=\"top\" width=\"265\">Historia del Arte II<\/td>\n<td valign=\"top\" width=\"132\">598-02-01<\/td>\n<td valign=\"top\" width=\"157\">598-02-01<\/td>\n<\/tr>\n<tr>\n<td valign=\"top\" width=\"85\"><strong>598-03-03<\/strong><\/td>\n<td valign=\"top\" width=\"265\">Taller de Experimentaci\u00f3n Visual II<\/td>\n<td valign=\"top\" width=\"132\">598-02-02<\/td>\n<td valign=\"top\" width=\"157\">598-02-02<\/td>\n<\/tr>\n<tr>\n<td valign=\"top\" width=\"85\"><strong>598-03-04<\/strong><\/td>\n<td valign=\"top\" width=\"265\">Pintura II<\/td>\n<td valign=\"top\" width=\"132\">598-02-03<\/td>\n<td valign=\"top\" width=\"157\">598-02-03<\/td>\n<\/tr>\n<tr>\n<td valign=\"top\" width=\"85\"><strong>598-03-05<\/strong><\/td>\n<td valign=\"top\" width=\"265\">Grabado II<\/td>\n<td valign=\"top\" width=\"132\">598-02-04<\/td>\n<td valign=\"top\" width=\"157\">598-02-04<\/td>\n<\/tr>\n<tr>\n<td valign=\"top\" width=\"85\"><strong>598-03-06<\/strong><\/td>\n<td valign=\"top\" width=\"265\">Escultura II<\/td>\n<td valign=\"top\" width=\"132\">598-02-05<\/td>\n<td valign=\"top\" width=\"157\">598-02-05<\/td>\n<\/tr>\n<tr>\n<td valign=\"top\" width=\"85\"><strong>598-03-07<\/strong><\/td>\n<td valign=\"top\" width=\"265\">Dibujo III<\/td>\n<td valign=\"top\" width=\"132\">598-02-06<\/td>\n<td valign=\"top\" width=\"157\">598-02-06<\/td>\n<\/tr>\n<tr>\n<td valign=\"top\" width=\"85\"><strong>598-03-08<\/strong><\/td>\n<td valign=\"top\" width=\"265\">Pr\u00e1ctica Profesionalizante III<\/td>\n<td valign=\"top\" width=\"132\">598-02-08<\/td>\n<td valign=\"top\" width=\"157\">598-02-08<\/td>\n<\/tr>\n<\/tbody>\n<\/table>","protected":false},"excerpt":{"rendered":"<p>TECNICATURA SUPERIOR EN ARTES VISUALES &#8211; PLAN 769 Ver plan de estudios n\u00b0 769 Denominaci\u00f3n de la Carrera: Tecnicatura Superior en Artes VisualesNivel: SuperiorModalidad: T\u00e9cnicaCiclo: SuperiorFamilia Profesional: Art\u00edsticaEspecialidad: T\u00e9cnicaDuraci\u00f3n: Tres (3) A\u00f1osCarga Horaria: Horas C\u00e1tedras: 2640 Horas Reloj: 1760Cursado: PresencialT\u00edtulo a otorgar: T\u00e9cnico\/a Superior en Artes VisualesCondici\u00f3n de Ingreso: Estudios secundarios completos &#8212;&#8212;&#8212;&#8212;&#8212;&#8212;&#8212;&#8212;&#8212;&#8212;&#8212;&#8212;&#8212;&#8212;&#8212;&#8212;&#8212;&#8212;&#8212;&#8212;&#8212;&#8212;&#8212; TECNICATURA SUPERIOR &#8230; <a title=\"\" class=\"read-more\" href=\"https:\/\/esba-nqn.infd.edu.ar\/sitio\/diseno-curricular-plan-598\/\" aria-label=\"More on \">[+]<\/a><\/p>\n","protected":false},"author":778,"featured_media":0,"parent":0,"menu_order":0,"comment_status":"closed","ping_status":"closed","template":"","meta":[],"acf":[],"_links":{"self":[{"href":"https:\/\/esba-nqn.infd.edu.ar\/sitio\/wp-json\/wp\/v2\/pages\/1365"}],"collection":[{"href":"https:\/\/esba-nqn.infd.edu.ar\/sitio\/wp-json\/wp\/v2\/pages"}],"about":[{"href":"https:\/\/esba-nqn.infd.edu.ar\/sitio\/wp-json\/wp\/v2\/types\/page"}],"author":[{"embeddable":true,"href":"https:\/\/esba-nqn.infd.edu.ar\/sitio\/wp-json\/wp\/v2\/users\/778"}],"replies":[{"embeddable":true,"href":"https:\/\/esba-nqn.infd.edu.ar\/sitio\/wp-json\/wp\/v2\/comments?post=1365"}],"version-history":[{"count":9,"href":"https:\/\/esba-nqn.infd.edu.ar\/sitio\/wp-json\/wp\/v2\/pages\/1365\/revisions"}],"predecessor-version":[{"id":6906,"href":"https:\/\/esba-nqn.infd.edu.ar\/sitio\/wp-json\/wp\/v2\/pages\/1365\/revisions\/6906"}],"wp:attachment":[{"href":"https:\/\/esba-nqn.infd.edu.ar\/sitio\/wp-json\/wp\/v2\/media?parent=1365"}],"curies":[{"name":"wp","href":"https:\/\/api.w.org\/{rel}","templated":true}]}}