{"id":1413,"date":"2018-06-29T18:28:33","date_gmt":"2018-06-29T21:28:33","guid":{"rendered":"https:\/\/esba-nqn.infd.edu.ar\/sitio\/catedra-abierta-formacion-docente-continua\/"},"modified":"2022-03-17T19:22:58","modified_gmt":"2022-03-17T22:22:58","slug":"catedra-abierta-formacion-docente-continua","status":"publish","type":"page","link":"https:\/\/esba-nqn.infd.edu.ar\/sitio\/catedra-abierta-formacion-docente-continua\/","title":{"rendered":"C\u00e1tedra Abierta \/Formaci\u00f3n Docente Continua."},"content":{"rendered":"\n<figure class=\"wp-block-image size-large\"><img decoding=\"async\" loading=\"lazy\" width=\"1900\" height=\"1900\" src=\"https:\/\/esba-nqn.infd.edu.ar\/sitio\/wp-content\/uploads\/2022\/03\/ca\u0301tedra-abierta-2022-01-1900x1900.jpg\" alt=\"\" class=\"wp-image-4272\" srcset=\"https:\/\/esba-nqn.infd.edu.ar\/sitio\/wp-content\/uploads\/2022\/03\/ca\u0301tedra-abierta-2022-01-1900x1900.jpg 1900w, https:\/\/esba-nqn.infd.edu.ar\/sitio\/wp-content\/uploads\/2022\/03\/ca\u0301tedra-abierta-2022-01-1000x1000.jpg 1000w, https:\/\/esba-nqn.infd.edu.ar\/sitio\/wp-content\/uploads\/2022\/03\/ca\u0301tedra-abierta-2022-01-500x500.jpg 500w, https:\/\/esba-nqn.infd.edu.ar\/sitio\/wp-content\/uploads\/2022\/03\/ca\u0301tedra-abierta-2022-01-768x768.jpg 768w, https:\/\/esba-nqn.infd.edu.ar\/sitio\/wp-content\/uploads\/2022\/03\/ca\u0301tedra-abierta-2022-01-1536x1536.jpg 1536w, https:\/\/esba-nqn.infd.edu.ar\/sitio\/wp-content\/uploads\/2022\/03\/ca\u0301tedra-abierta-2022-01-2048x2048.jpg 2048w\" sizes=\"(max-width: 1900px) 100vw, 1900px\" \/><\/figure>\n\n\n<p>\u00a0<\/p>\n<p><img decoding=\"async\" loading=\"lazy\" class=\"alignnone wp-image-3068\" src=\"https:\/\/esba-nqn.infd.edu.ar\/sitio\/wp-content\/uploads\/2020\/03\/catedra-abierta-diagrama-de-flujo-01-1000x750.jpg\" alt=\"\" width=\"1033\" height=\"775\" srcset=\"https:\/\/esba-nqn.infd.edu.ar\/sitio\/wp-content\/uploads\/2020\/03\/catedra-abierta-diagrama-de-flujo-01-1000x750.jpg 1000w, https:\/\/esba-nqn.infd.edu.ar\/sitio\/wp-content\/uploads\/2020\/03\/catedra-abierta-diagrama-de-flujo-01-768x576.jpg 768w, https:\/\/esba-nqn.infd.edu.ar\/sitio\/wp-content\/uploads\/2020\/03\/catedra-abierta-diagrama-de-flujo-01-1900x1425.jpg 1900w\" sizes=\"(max-width: 1033px) 100vw, 1033px\" \/><\/p>\n<h2>\u00a0<\/h2>\n<h2><span style=\"color: #ff00ff;\"><b>Formaci\u00f3n Docente Continua (FDC)\/C\u00e1tedra abierta 2022<\/b><\/span><\/h2>\n<p>Consultas: <a href=\"mailto:formaciondocenteesba@gmail.com\">formaciondocenteesba@gmail.com<\/a>\u00a0<\/p>\n<p><b>\u00bfQu\u00e9 es C\u00e1tedra Abierta?<\/b><\/p>\n<p><span style=\"font-weight: 400;\">La C\u00e1tedra abierta es una modalidad de cursado de espacios curriculares de los planes de estudio de la ESBA como Formaci\u00f3n Docente Continua. Permite a cualquier persona docente (con t\u00edtulo o certificaci\u00f3n de servicio) cursar materias del plan de estudios sin ser un estudiante matriculado en la carrera y recibir certificaci\u00f3n con puntaje.<\/span><\/p>\n<p><b>\u00bfQu\u00e9 deben tener en cuenta quienes se inscriben?\u00a0<\/b><\/p>\n<p><span style=\"font-weight: 400;\">Los\/as\/es matriculados\/as\/es tendr\u00e1n las mismas obligaciones que estudiantes regulares (es decir, deber\u00e1n cumplimentar con la asistencia solicitada; la entrega de trabajos pr\u00e1cticos; las instancias de ex\u00e1menes, coloquios o finales). Las personas que participen de C\u00e1tedras Abiertas quedar\u00e1n registradas en una N\u00f3mina de Cursado especial. Al acreditar el espacio curricular, la Secretar\u00eda de Extensi\u00f3n le extender\u00e1 el certificado correspondiente al espacio cursado.<\/span><\/p>\n<p><span style=\"font-weight: 400;\">Cabe aclarar que dicho espacio curricular que se acredite como Formaci\u00f3n Docente Continua\/ C\u00e1tedra Abierta no podr\u00e1 ser presentado como equivalencia en ning\u00fan plan de estudios. Si la\/el\/le estudiante desea cursar la carrera, deber\u00e1 volver a cursar el espacio como estudiante regular de la misma.<\/span><\/p>\n<p><b>\u00bfQui\u00e9n certifica esta cursada?<\/b><\/p>\n<p><span style=\"font-weight: 400;\">Los proyectos de C\u00e1tedra Abierta son avalados por la Direcci\u00f3n Provincial de Nivel Superior (dependiente del CPE), quien emitir\u00e1 un n\u00famero de Nota Aval\/Resoluci\u00f3n correspondiente. Dicha informaci\u00f3n figurar\u00e1 en la certificaci\u00f3n emitida por la ESBA.<\/span><\/p>\n<p><b>\u00bfC\u00f3mo abrir legajo para cursar C\u00e1tedra Abierta como Formaci\u00f3n Docente Continua en ESBA ?<\/b><\/p>\n<ul>\n<li aria-level=\"1\"><span style=\"font-weight: 400;\">Preinscripci\u00f3n Online: 17 al 25 de marzo inclusive (hasta las 14hs) mediante el siguiente Formulario Google:<\/span><a href=\"https:\/\/forms.gle\/iNygjZm3Yw9SfpiA9\"> <b>https:\/\/forms.gle\/iNygjZm3Yw9SfpiA9<\/b><\/a><\/li>\n<\/ul>\n<ul>\n<li style=\"font-weight: 400;\" aria-level=\"1\"><span style=\"font-weight: 400;\">Entrega de documentaci\u00f3n en papel: del 21 al 23 y 25 de marzo, presentar en la Escuela la\u00a0 siguiente documentaci\u00f3n:<\/span><\/li>\n<li style=\"font-weight: 400;\" aria-level=\"1\"><span style=\"font-weight: 400;\">Fotocopia DNI Frente y Dorso.<\/span><\/li>\n<li style=\"font-weight: 400;\" aria-level=\"1\"><span style=\"font-weight: 400;\">Fotocopia legalizada de t\u00edtulo docente o de grado (aquellas\/os\/es docentes en ejercicio tienen que\u00a0 presentar una certificaci\u00f3n de servicio de la instituci\u00f3n educativa en la que imparten clases)<\/span><\/li>\n<li style=\"font-weight: 400;\" aria-level=\"1\"><span style=\"font-weight: 400;\">Certificado de buena salud emitido por una entidad p\u00fablica o privada.<\/span><\/li>\n<li style=\"font-weight: 400;\" aria-level=\"1\"><span style=\"font-weight: 400;\">Carpeta colgante.<\/span><\/li>\n<\/ul>\n<p><b>La presentaci\u00f3n de la documentaci\u00f3n en papel\u00a0 no es un tr\u00e1mite personal, por lo que pueden enviarla con otra persona. Se entregar\u00e1 un recibo con el detalle de lo entregado a modo de constancia.<\/b><\/p>\n<p><b>Matriculaci\u00f3n: <\/b><span style=\"font-weight: 400;\">es el momento de anotarse a\u00a0 los espacios curriculares para cursar, de acuerdo a un formulario brindado por Formaci\u00f3n Docente Continua. La oferta de C\u00e1tedra Abierta s\u00f3lo se enviar\u00e1 a quienes hayan completado la pre-inscripci\u00f3n online y la apertura de legajo en papel. Cada espacio curricular propondr\u00e1 cupo, por lo que se respetar\u00e1 el orden de inscripci\u00f3n. Cada estudiante de C\u00e1tedra Abierta recibir\u00e1 un mail con la confirmaci\u00f3n para iniciar el cursado. En caso de agotarse el cupo, tambi\u00e9n se informar\u00e1 la situaci\u00f3n por la misma v\u00eda.\u00a0<\/span><\/p>\n<p><b>Cronograma 2022:<\/b><\/p>\n<ul>\n<li style=\"font-weight: 400;\" aria-level=\"1\"><span style=\"font-weight: 400;\">Apertura de Legajo: Preinscripci\u00f3n online del 17 al 25 de marzo inclusive (hasta las 14hs)<\/span><\/li>\n<li style=\"font-weight: 400;\" aria-level=\"1\"><span style=\"font-weight: 400;\">\u00a0Entrega de documentaci\u00f3n en papel: del 21 al 23 y 25 de marzo.<\/span><\/li>\n<li style=\"font-weight: 400;\" aria-level=\"1\"><span style=\"font-weight: 400;\">\u00a0Horarios de inscripci\u00f3n:\u00a0<\/span>\n<ul>\n<li style=\"list-style-type: none;\">\n<ul>\n<li><b>lunes 21-03 de 9.30 a 12.30<\/b><\/li>\n<li><b>martes 22-03 de 12.30 a 15.30\u00a0<\/b><\/li>\n<li><b>mi\u00e9rcoles 23-03 de 18 a 21hs\u00a0<\/b><\/li>\n<li><b>viernes 25-03 de 12 a 14 hs<\/b><\/li>\n<\/ul>\n<\/li>\n<\/ul>\n<\/li>\n<li style=\"font-weight: 400;\" aria-level=\"1\"><strong>Matriculaci\u00f3n a c\u00e1tedras abiertas (estudiantes de Formaci\u00f3n Docente Continua): 1\u00ba Cuatrimestre del 31 de marzo al 4 de abril (online, mediante formulario Google).\u00a0<\/strong><\/li>\n<\/ul>\n<p><span style=\"color: #ff00ff;\"><b>La n\u00f3mina de C\u00e1tedras Abiertas disponibles se ofrecer\u00e1n a partir del 31 de marzo mediante Formulario Google a docentes que tengan legajo abierto en Formaci\u00f3n Docente Continua en la ESBA.<\/b><\/span><\/p>\n<p>\u00a0<\/p>\n<h2>\u00a0<\/h2>\n<h2>\u00a0<\/h2>\n<p>\u00a0<\/p>","protected":false},"excerpt":{"rendered":"<p>\u00a0 \u00a0 Formaci\u00f3n Docente Continua (FDC)\/C\u00e1tedra abierta 2022 Consultas: formaciondocenteesba@gmail.com\u00a0 \u00bfQu\u00e9 es C\u00e1tedra Abierta? La C\u00e1tedra abierta es una modalidad de cursado de espacios curriculares de los planes de estudio de la ESBA como Formaci\u00f3n Docente Continua. Permite a cualquier persona docente (con t\u00edtulo o certificaci\u00f3n de servicio) cursar materias del plan de estudios sin &#8230; <a title=\"C\u00e1tedra Abierta \/Formaci\u00f3n Docente Continua.\" class=\"read-more\" href=\"https:\/\/esba-nqn.infd.edu.ar\/sitio\/catedra-abierta-formacion-docente-continua\/\" aria-label=\"More on C\u00e1tedra Abierta \/Formaci\u00f3n Docente Continua.\">[+]<\/a><\/p>\n","protected":false},"author":778,"featured_media":0,"parent":0,"menu_order":0,"comment_status":"closed","ping_status":"closed","template":"","meta":[],"acf":[],"_links":{"self":[{"href":"https:\/\/esba-nqn.infd.edu.ar\/sitio\/wp-json\/wp\/v2\/pages\/1413"}],"collection":[{"href":"https:\/\/esba-nqn.infd.edu.ar\/sitio\/wp-json\/wp\/v2\/pages"}],"about":[{"href":"https:\/\/esba-nqn.infd.edu.ar\/sitio\/wp-json\/wp\/v2\/types\/page"}],"author":[{"embeddable":true,"href":"https:\/\/esba-nqn.infd.edu.ar\/sitio\/wp-json\/wp\/v2\/users\/778"}],"replies":[{"embeddable":true,"href":"https:\/\/esba-nqn.infd.edu.ar\/sitio\/wp-json\/wp\/v2\/comments?post=1413"}],"version-history":[{"count":22,"href":"https:\/\/esba-nqn.infd.edu.ar\/sitio\/wp-json\/wp\/v2\/pages\/1413\/revisions"}],"predecessor-version":[{"id":4277,"href":"https:\/\/esba-nqn.infd.edu.ar\/sitio\/wp-json\/wp\/v2\/pages\/1413\/revisions\/4277"}],"wp:attachment":[{"href":"https:\/\/esba-nqn.infd.edu.ar\/sitio\/wp-json\/wp\/v2\/media?parent=1413"}],"curies":[{"name":"wp","href":"https:\/\/api.w.org\/{rel}","templated":true}]}}