{"id":1475,"date":"2018-06-29T18:28:58","date_gmt":"2018-06-29T21:28:58","guid":{"rendered":"https:\/\/esba-nqn.infd.edu.ar\/sitio\/abierta-las-inscripciones-interinatos-y-suplencias-2019\/"},"modified":"2020-06-24T17:18:25","modified_gmt":"2020-06-24T20:18:25","slug":"abierta-las-inscripciones-interinatos-y-suplencias-2019","status":"publish","type":"page","link":"https:\/\/esba-nqn.infd.edu.ar\/sitio\/abierta-las-inscripciones-interinatos-y-suplencias-2019\/","title":{"rendered":"Abierta las inscripciones Interinatos y Suplencias"},"content":{"rendered":"<div>\n<div>Publicado el 24-06-2020<\/div>\n<div>\n<h1><span style=\"color: #339966;\"><strong>PORTAL \u00daNICO DOCENTE PARA INTERINATOS Y SUPLENCIAS:<\/strong><\/span><\/h1>\n<p><strong>EDUCACI\u00d3N PONDR\u00c1 EN MARCHA EL PORTAL \u00daNICO DOCENTE<\/strong><\/p>\n<p>&nbsp;<\/p>\n<p>A trav\u00e9s de esta plataforma digital las y los docentes podr\u00e1n acceder a los servicios inherentes a su funci\u00f3n. Adem\u00e1s, las y los aspirantes a la docencia podr\u00e1n gestionar su inscripci\u00f3n en todas las Juntas de Clasificaci\u00f3n para apertura de legajo.<\/p>\n<p>Descargar la gacetilla para acceder a la informaci\u00f3n completa:\u00a0<a href=\"https:\/\/esba-nqn.infd.edu.ar\/sitio\/wp-content\/uploads\/2020\/06\/Gacetilla-24.doc\">Gacetilla 24<\/a><\/p>\n<\/div>\n<div><\/div>\n<div><\/div>\n<div><\/div>\n<div>____________________________________________<\/div>\n<div><\/div>\n<div><img decoding=\"async\" loading=\"lazy\" class=\"alignnone size-medium wp-image-2369\" src=\"https:\/\/esba-nqn.infd.edu.ar\/sitio\/wp-content\/uploads\/2019\/06\/inscripcion-ESBA-interinatos-y-splencias-2020-02-1000x496.jpg\" alt=\"\" width=\"1000\" height=\"496\" srcset=\"https:\/\/esba-nqn.infd.edu.ar\/sitio\/wp-content\/uploads\/2019\/06\/inscripcion-ESBA-interinatos-y-splencias-2020-02-1000x496.jpg 1000w, https:\/\/esba-nqn.infd.edu.ar\/sitio\/wp-content\/uploads\/2019\/06\/inscripcion-ESBA-interinatos-y-splencias-2020-02-768x381.jpg 768w, https:\/\/esba-nqn.infd.edu.ar\/sitio\/wp-content\/uploads\/2019\/06\/inscripcion-ESBA-interinatos-y-splencias-2020-02-1900x942.jpg 1900w\" sizes=\"(max-width: 1000px) 100vw, 1000px\" \/><\/div>\n<div><\/div>\n<div>En dicha planilla est\u00e1n consignadas los siguiente items:<\/div>\n<div>\n<ul>\n<li>Completar todos datos con letra imprenta legible. sin tachaduras ni enmiendas.<\/li>\n<li>El aspirante con t\u00edtulo habilitante o supletorio, podr\u00e1 inscribirse hasta en cinco ( 5 ) espacios curriculares por plan de estudio. (Disposici\u00f3n 045\/18 de la Direcci\u00f3n General Modalidad Art\u00edstica).<\/li>\n<li>Los espacios curriculares deber\u00e1n registrarse con su nombre correcto seg\u00fan el plan de estudio al que pertenezcan. En caso de inscripci\u00f3n err\u00f3nea no se dar\u00e1 lugar a reclamo .<\/li>\n<li>Los datos consignados y la documentaci\u00f3n que se adjuntan tienen car\u00e1cter de declaraci\u00f3n jurada por lo cual deben ser veraces y exactos<\/li>\n<\/ul>\n<\/div>\n<div><\/div>\n<div><\/div>\n<div><strong><span style=\"font-size: 14pt;\">PLANILLAS<\/span><\/strong><\/div>\n<div><strong><span style=\"font-size: 14pt;\">Debe presentar el recibo de inscripci\u00f3n:<\/span><\/strong><\/div>\n<div><a href=\"https:\/\/esba-nqn.infd.edu.ar\/sitio\/wp-content\/uploads\/2019\/06\/ESBA-RECIBO-2020-INSCRIPCIO\u0301N-Terciaria-interinatos-y-suplencias.pdf\">ESBA-RECIBO-2020-INSCRIPCIO\u0301N-Terciaria-interinatos-y-suplencias<\/a><\/div>\n<\/div>\n<div><\/div>\n<div><a href=\"https:\/\/esba-nqn.infd.edu.ar\/sitio\/wp-content\/uploads\/2019\/06\/PLANILLA-2020-INCRIPCIO\u0301N-PROFESORADO-DE-DANZA-ORIENTACIO\u0301N-FOLKLORE-PLAN-611.pdf\">PLANILLA-2020-INCRIPCIO\u0301N-PROFESORADO-DE-DANZA-ORIENTACIO\u0301N-FOLKLORE-PLAN-611<\/a><\/div>\n<div><\/div>\n<div><a href=\"https:\/\/esba-nqn.infd.edu.ar\/sitio\/wp-content\/uploads\/2019\/06\/PLANILLA-2020-INSCRIPCIO\u0301N-PROFESORADO-DE-ARTES-VISUALES-PARA-NIVEL-PRIMARIO-Y-MEDIO.pdf\">PLANILLA-2020-INSCRIPCIO\u0301N-PROFESORADO-DE-ARTES-VISUALES-PARA-NIVEL-PRIMARIO-Y-MEDIO<\/a><\/div>\n<div><\/div>\n<div><a href=\"https:\/\/esba-nqn.infd.edu.ar\/sitio\/wp-content\/uploads\/2019\/06\/PLANILLA-2020-INSCRIPCIO\u0301N-PROFESORADO-EN-ARTES-VISUALES-NIVEL-SUPERIOR.pdf\">PLANILLA-2020-INSCRIPCIO\u0301N-PROFESORADO-EN-ARTES-VISUALES-NIVEL-SUPERIOR<\/a><\/div>\n<div><\/div>\n<div><a href=\"https:\/\/esba-nqn.infd.edu.ar\/sitio\/wp-content\/uploads\/2019\/06\/PLANILLA-2020-INSCRIPCIO\u0301N-TECNICO-SUPERIOR-EN-ARTES-VISUALES.pdf\">PLANILLA-2020-INSCRIPCIO\u0301N-TECNICO-SUPERIOR-EN-ARTES-VISUALES<\/a><\/div>\n<div><\/div>\n<div><a href=\"https:\/\/esba-nqn.infd.edu.ar\/sitio\/wp-content\/uploads\/2019\/06\/PLANILLA-2020-INSCRIPCIO\u0301NP-ROFESORADO-SUPERIOR-DE-TEATRO-PROFESORADO-DE-TEATRO-Y-TECNICO-TEATRO.pdf\">PLANILLA-2020-INSCRIPCIO\u0301NP-ROFESORADO-SUPERIOR-DE-TEATRO-PROFESORADO-DE-TEATRO-Y-TECNICO-TEATRO<\/a><\/div>\n<div>\n<div style=\"text-align: left;\"><\/div>\n<div style=\"text-align: left;\"><strong><span style=\"font-size: 14pt;\"><strong>______________________________________<\/strong><\/span><\/strong><\/div>\n<div style=\"text-align: left;\"><em><span style=\"text-decoration: underline;\"><span style=\"font-size: 12pt;\">Para\u00a0<\/span><\/span><\/em><em><span style=\"text-decoration: underline;\"><span style=\"font-size: 12pt;\">m\u00e1s informaci\u00f3n visitar este sitio del CPE<\/span><\/span><\/em><\/div>\n<div style=\"text-align: left;\"><strong><span style=\"font-size: 14pt;\"><strong><a href=\"http:\/\/www.neuquen.edu.ar\/abiertas-las-inscripciones-para-apertura-de-legajo-y-cobertura-de-interinatos-y-suplencias-2019\/\">Consejo Provincial de Educaci\u00f3n de Neuqu\u00e9n<\/a><\/strong><\/span><\/strong><\/div>\n<div style=\"text-align: left;\"><span style=\"font-size: 18.6667px;\"><strong>______________________________________<\/strong><\/span><\/div>\n<\/div>\n","protected":false},"excerpt":{"rendered":"<p>Publicado el 24-06-2020 PORTAL \u00daNICO DOCENTE PARA INTERINATOS Y SUPLENCIAS: EDUCACI\u00d3N PONDR\u00c1 EN MARCHA EL PORTAL \u00daNICO DOCENTE &nbsp; A trav\u00e9s de esta plataforma digital las y los docentes podr\u00e1n acceder a los servicios inherentes a su funci\u00f3n. Adem\u00e1s, las y los aspirantes a la docencia podr\u00e1n gestionar su inscripci\u00f3n en todas las Juntas de &#8230; <a title=\"Abierta las inscripciones Interinatos y Suplencias\" class=\"read-more\" href=\"https:\/\/esba-nqn.infd.edu.ar\/sitio\/abierta-las-inscripciones-interinatos-y-suplencias-2019\/\" aria-label=\"More on Abierta las inscripciones Interinatos y Suplencias\">[+]<\/a><\/p>\n","protected":false},"author":778,"featured_media":0,"parent":0,"menu_order":0,"comment_status":"closed","ping_status":"closed","template":"","meta":[],"acf":[],"_links":{"self":[{"href":"https:\/\/esba-nqn.infd.edu.ar\/sitio\/wp-json\/wp\/v2\/pages\/1475"}],"collection":[{"href":"https:\/\/esba-nqn.infd.edu.ar\/sitio\/wp-json\/wp\/v2\/pages"}],"about":[{"href":"https:\/\/esba-nqn.infd.edu.ar\/sitio\/wp-json\/wp\/v2\/types\/page"}],"author":[{"embeddable":true,"href":"https:\/\/esba-nqn.infd.edu.ar\/sitio\/wp-json\/wp\/v2\/users\/778"}],"replies":[{"embeddable":true,"href":"https:\/\/esba-nqn.infd.edu.ar\/sitio\/wp-json\/wp\/v2\/comments?post=1475"}],"version-history":[{"count":4,"href":"https:\/\/esba-nqn.infd.edu.ar\/sitio\/wp-json\/wp\/v2\/pages\/1475\/revisions"}],"predecessor-version":[{"id":3252,"href":"https:\/\/esba-nqn.infd.edu.ar\/sitio\/wp-json\/wp\/v2\/pages\/1475\/revisions\/3252"}],"wp:attachment":[{"href":"https:\/\/esba-nqn.infd.edu.ar\/sitio\/wp-json\/wp\/v2\/media?parent=1475"}],"curies":[{"name":"wp","href":"https:\/\/api.w.org\/{rel}","templated":true}]}}