{"id":5634,"date":"2023-10-02T11:56:35","date_gmt":"2023-10-02T14:56:35","guid":{"rendered":"https:\/\/esba-nqn.infd.edu.ar\/sitio\/?page_id=5634"},"modified":"2026-03-27T11:22:37","modified_gmt":"2026-03-27T14:22:37","slug":"ninas-y-ninos","status":"publish","type":"page","link":"https:\/\/esba-nqn.infd.edu.ar\/sitio\/ninas-y-ninos\/","title":{"rendered":"INFANCIAS"},"content":{"rendered":"\n<figure class=\"wp-block-image alignwide size-full\"><img decoding=\"async\" loading=\"lazy\" width=\"1080\" height=\"150\" src=\"https:\/\/esba-nqn.infd.edu.ar\/sitio\/wp-content\/uploads\/2025\/11\/CEA_Header.png\" alt=\"\" class=\"wp-image-7454\" srcset=\"https:\/\/esba-nqn.infd.edu.ar\/sitio\/wp-content\/uploads\/2025\/11\/CEA_Header.png 1080w, https:\/\/esba-nqn.infd.edu.ar\/sitio\/wp-content\/uploads\/2025\/11\/CEA_Header-1000x139.png 1000w, https:\/\/esba-nqn.infd.edu.ar\/sitio\/wp-content\/uploads\/2025\/11\/CEA_Header-768x107.png 768w\" sizes=\"(max-width: 1080px) 100vw, 1080px\" \/><\/figure>\n\n\n\n<p id=\"pdf\">El Ciclo de Educaci\u00f3n por el Arte (CEA) est\u00e1 orientado a ni\u00f1as y ni\u00f1os. La Educaci\u00f3n por el Arte brinda herramientas para desarrollar la imaginaci\u00f3n, sensibilidad, creaci\u00f3n y expresi\u00f3n de las infancias. Estas vivencias le permiten relacionarse a nivel humano con sus profesores y compa\u00f1eros, creando verdaderos v\u00ednculos de afecto y respeto entre todos, aprendiendo a valorar a los otros y a s\u00ed mismos y desarrollar aptitudes que, luego, proyectar\u00e1n a su vida de todos los d\u00edas, en su casa, en la comunidad y en la escuela. Este espacio propone un trabajo en el canto, el baile, el dibujo, la pintura y la actuaci\u00f3n a partir del juego, pero sin perder de vista la importancia de la t\u00e9cnica.<\/p>\n\n\n\n<h2 class=\"wp-block-heading\">INSCRIPCIONES 2026<\/h2>\n\n\n\n<hr class=\"wp-block-separator has-alpha-channel-opacity\"\/>\n\n\n\n<p>Hola! te explicamos como son los pasos a seguir para inscribir a la ni\u00f1a y\/o ni\u00f1o a los talleres.<\/p>\n\n\n\n<p>Primero ten\u00e9s que completar los formularios abajo detallados seg\u00fan SEDE.<\/p>\n\n\n\n<p>Una vez que se realiza la preinscripci\u00f3n debes esperar a que el\/la preceptor\/a se comunique v\u00eda mail con vos confirmando si la vacante realmente es tuya, ya que se realiza a trav\u00e9s de un sorteo.<\/p>\n\n\n\n<p><strong>Cuando t\u00fa vacante est\u00e9 confirmada, te van a avisar que d\u00eda deber\u00e1s acercarte a la SEDE en la cual te inscribiste: SEDE LANIN o SEDE ANEXO 348 para llevar:<\/strong><\/p>\n\n\n\n<p>Fotocopia del DNI del estudiante<\/p>\n\n\n\n<p>Fotocopia del DNI del adulto responsable autorizado para dejar y retirar a las infancias del establecimiento. NO PUDEN INGRESAR NI RETIRARSE SOLOS Y SOLAS DEL MISMO.<\/p>\n\n\n\n<p>1 cuaderno de tapa dura N\u00b03 o N\u00b05<\/p>\n\n\n\n<p>Si el\/la estudiante tiene alguna indicaci\u00f3n m\u00e9dica y\/o diagn\u00f3stico, es necesario presentar el certificado correspondiente.<\/p>\n\n\n\n<p><strong>Sobre SEDE LANIN<\/strong><\/p>\n\n\n\n<figure class=\"wp-block-image size-full\"><img decoding=\"async\" loading=\"lazy\" width=\"1090\" height=\"1056\" src=\"https:\/\/esba-nqn.infd.edu.ar\/sitio\/wp-content\/uploads\/2025\/11\/WhatsApp-Image-2025-11-19-at-12.20.53-PM-1.jpeg\" alt=\"\" class=\"wp-image-7444\" srcset=\"https:\/\/esba-nqn.infd.edu.ar\/sitio\/wp-content\/uploads\/2025\/11\/WhatsApp-Image-2025-11-19-at-12.20.53-PM-1.jpeg 1090w, https:\/\/esba-nqn.infd.edu.ar\/sitio\/wp-content\/uploads\/2025\/11\/WhatsApp-Image-2025-11-19-at-12.20.53-PM-1-1000x969.jpeg 1000w, https:\/\/esba-nqn.infd.edu.ar\/sitio\/wp-content\/uploads\/2025\/11\/WhatsApp-Image-2025-11-19-at-12.20.53-PM-1-768x744.jpeg 768w\" sizes=\"(max-width: 1090px) 100vw, 1090px\" \/><\/figure>\n\n\n\n<p><strong>CEA<\/strong>: Recibe infancias a partir de 2do grado a 7mo grado y los talleres se dan a contra turno de la escuela en los horarios: TM: 8:30 horas a 11:20 horas y TT: 14:30 horas a 17:20 horas.&nbsp;<\/p>\n\n\n\n<p>Dos talleres por d\u00eda, dos veces por semana.<\/p>\n\n\n\n<p><strong>TALLERES:<\/strong><\/p>\n\n\n\n<p><strong>Turno ma\u00f1ana:<\/strong>&nbsp; Exp. PL\u00c1STICA, Exp. TEATRAL, Exp. MUSICAL, Exp.&nbsp; FOLKL\u00d3RICA<\/p>\n\n\n\n<p><strong>Turno tarde:<\/strong>&nbsp; Exp. PL\u00c1STICA, Exp. TEATRAL, Exp. MUSICAL, Exp.&nbsp; FOLKL\u00d3RICA Y TANGO \u00fanicamente en las secciones de 4ta y 5ta.<\/p>\n\n\n\n<h2 class=\"wp-block-heading has-medium-font-size\">PARA INSCRIBIRTE COMPLETA ESTE FORMULARIO<\/h2>\n\n\n\n<p><a href=\"https:\/\/docs.google.com\/forms\/d\/e\/1FAIpQLSdOdVYTpGDNfcTrB0dmIGqe50U4uiMGNWtPXdkUg4TyROjsWw\/viewform?usp=publish-editor\">https:\/\/docs.google.com\/forms\/d\/e\/1FAIpQLSdOdVYTpGDNfcTrB0dmIGqe50U4uiMGNWtPXdkUg4TyROjsWw\/viewform?usp=publish-editor<\/a><\/p>\n\n\n\n<p>PARA MAS INFORMACION preceptoriacea@gmail.com<\/p>\n\n\n\n<p><strong>Sobre SEDE ANEXO 348<\/strong><\/p>\n\n\n\n<figure class=\"wp-block-image size-full\"><img decoding=\"async\" loading=\"lazy\" width=\"1080\" height=\"1350\" src=\"https:\/\/esba-nqn.infd.edu.ar\/sitio\/wp-content\/uploads\/2026\/03\/WhatsApp-Image-2026-03-26-at-12.08.38-PM-1.jpeg\" alt=\"\" class=\"wp-image-7525\" srcset=\"https:\/\/esba-nqn.infd.edu.ar\/sitio\/wp-content\/uploads\/2026\/03\/WhatsApp-Image-2026-03-26-at-12.08.38-PM-1.jpeg 1080w, https:\/\/esba-nqn.infd.edu.ar\/sitio\/wp-content\/uploads\/2026\/03\/WhatsApp-Image-2026-03-26-at-12.08.38-PM-1-800x1000.jpeg 800w, https:\/\/esba-nqn.infd.edu.ar\/sitio\/wp-content\/uploads\/2026\/03\/WhatsApp-Image-2026-03-26-at-12.08.38-PM-1-768x960.jpeg 768w\" sizes=\"(max-width: 1080px) 100vw, 1080px\" \/><\/figure>\n\n\n\n<p><strong>CEA:<\/strong> Recibe infancias a partir de 2do grado a 7mo grado y los talleres se dan a contra turno de la escuela en los horarios de 18:00 hora a 20:50 horas.<\/p>\n\n\n\n<p>Dos talleres por d\u00eda, dos veces por semana.<\/p>\n\n\n\n<p><strong>TALLERES<\/strong>:  Exp. PL\u00c1STICA, Exp. TEATRAL, Exp. MUSICAL, Exp.&nbsp; FOLKL\u00d3RICA<\/p>\n\n\n\n<h2 class=\"wp-block-heading has-medium-font-size\">PARA INSCRIBIRTE COMPLETA ESTE FORMULARIO <\/h2>\n\n\n\n<p><a href=\"https:\/\/docs.google.com\/forms\/d\/e\/1FAIpQLSdTWeBm9d3ZnYlkvFLd5maWXzFbA2xnPmuZ9HLyQ2EVl2j84Q\/viewform\">https:\/\/docs.google.com\/forms\/d\/e\/1FAIpQLSdTWeBm9d3ZnYlkvFLd5maWXzFbA2xnPmuZ9HLyQ2EVl2j84Q\/viewform<\/a><\/p>\n\n\n\n<p>PARA MAS INFORMACION ceaanexooeste@gmail.com<\/p>\n\n\n\n<p><\/p>\n\n\n<div class=\"wp-block-image\">\n<figure class=\"aligncenter size-full\"><a href=\"https:\/\/esba-nqn.infd.edu.ar\/sitio\/formulario-suscripcion\/\"><img decoding=\"async\" loading=\"lazy\" width=\"500\" height=\"70\" src=\"https:\/\/esba-nqn.infd.edu.ar\/sitio\/wp-content\/uploads\/2024\/04\/SABERMAS_Boton-1.png\" alt=\"\" class=\"wp-image-6223\"\/><\/a><\/figure><\/div>\n\n\n<hr class=\"wp-block-separator has-alpha-channel-opacity\"\/>\n\n\n<div class=\"wp-block-image\">\n<figure class=\"aligncenter size-full is-resized\"><a href=\"https:\/\/esba-nqn.infd.edu.ar\/sitio\/\"><img decoding=\"async\" loading=\"lazy\" src=\"https:\/\/esba-nqn.infd.edu.ar\/sitio\/wp-content\/uploads\/2024\/05\/Talleres_Boton_Home.png\" alt=\"\" class=\"wp-image-6364\" width=\"44\" height=\"44\" srcset=\"https:\/\/esba-nqn.infd.edu.ar\/sitio\/wp-content\/uploads\/2024\/05\/Talleres_Boton_Home.png 512w, https:\/\/esba-nqn.infd.edu.ar\/sitio\/wp-content\/uploads\/2024\/05\/Talleres_Boton_Home-500x500.png 500w\" sizes=\"(max-width: 44px) 100vw, 44px\" \/><\/a><\/figure><\/div>","protected":false},"excerpt":{"rendered":"<p>El Ciclo de Educaci\u00f3n por el Arte (CEA) est\u00e1 orientado a ni\u00f1as y ni\u00f1os. La Educaci\u00f3n por el Arte brinda herramientas para desarrollar la imaginaci\u00f3n, sensibilidad, creaci\u00f3n y expresi\u00f3n de las infancias. Estas vivencias le permiten relacionarse a nivel humano con sus profesores y compa\u00f1eros, creando verdaderos v\u00ednculos de afecto y respeto entre todos, aprendiendo &#8230; <a title=\"INFANCIAS\" class=\"read-more\" href=\"https:\/\/esba-nqn.infd.edu.ar\/sitio\/ninas-y-ninos\/\" aria-label=\"More on INFANCIAS\">[+]<\/a><\/p>\n","protected":false},"author":2644,"featured_media":0,"parent":0,"menu_order":0,"comment_status":"closed","ping_status":"closed","template":"","meta":[],"acf":[],"_links":{"self":[{"href":"https:\/\/esba-nqn.infd.edu.ar\/sitio\/wp-json\/wp\/v2\/pages\/5634"}],"collection":[{"href":"https:\/\/esba-nqn.infd.edu.ar\/sitio\/wp-json\/wp\/v2\/pages"}],"about":[{"href":"https:\/\/esba-nqn.infd.edu.ar\/sitio\/wp-json\/wp\/v2\/types\/page"}],"author":[{"embeddable":true,"href":"https:\/\/esba-nqn.infd.edu.ar\/sitio\/wp-json\/wp\/v2\/users\/2644"}],"replies":[{"embeddable":true,"href":"https:\/\/esba-nqn.infd.edu.ar\/sitio\/wp-json\/wp\/v2\/comments?post=5634"}],"version-history":[{"count":37,"href":"https:\/\/esba-nqn.infd.edu.ar\/sitio\/wp-json\/wp\/v2\/pages\/5634\/revisions"}],"predecessor-version":[{"id":7526,"href":"https:\/\/esba-nqn.infd.edu.ar\/sitio\/wp-json\/wp\/v2\/pages\/5634\/revisions\/7526"}],"wp:attachment":[{"href":"https:\/\/esba-nqn.infd.edu.ar\/sitio\/wp-json\/wp\/v2\/media?parent=5634"}],"curies":[{"name":"wp","href":"https:\/\/api.w.org\/{rel}","templated":true}]}}